What is the tens digit of l?
1
Let c be 59*16/(-12)*3. Let y = 623 + c. What is the hundreds digit of y?
3
Let y(g) = 21 - 14*g + 4*g + 47. What is the units digit of y(-26)?
8
Suppose -33 = -3*m - 3*n, 0 = 8*m - 6*m - 5*n - 50. Suppose m*x = -2*x + 21539. Suppose -17*s + 10*s + x = 0. What is the units digit of s?
1
Let l = 12977 - 4091. What is the tens digit of l?
8
Suppose 15*k + 6102 = 16*k + h, 3*k - h = 18298. What is the thousands digit of k?
6
Suppose -282 + 67 = -5*q. Suppose -n = -u + 2*n - q, n = -5*u - 263. Let o = u + 96. What is the units digit of o?
4
Suppose 14*h + 2782 = 24286. Suppose -4*b = 4*t - 2024, -3*b + 6*b + h = 3*t. What is the units digit of t?
9
Let d(k) = 26*k**3 - 12*k**2 - 27*k + 187. What is the hundreds digit of d(5)?
0
Suppose -378*x + 4137 = -375*x. Suppose x = 5*u - 561. What is the units digit of u?
8
Let t(u) = 540*u**2 - u + 11. Let m(h) = -809*h**2 + h - 16. Let a(d) = -5*m(d) - 7*t(d). What is the tens digit of a(-1)?
6
Let z = 33722 - 20438. What is the units digit of z?
4
Let f(r) = r**2 + r - 14. Let w be f(-6). Let g be (-8646)/(-10) + 9/(360/w). Suppose -5*a + 5*y + g = 0, -4*y - 520 = -4*a + a. What is the units digit of a?
2
Let r(y) be the third derivative of y**5/12 - 19*y**4/24 + 4*y**3/3 - 2*y**2. Suppose -b + 29 = 4*j + 2, 4*b + 44 = 3*j. What is the units digit of r(j)?
6
Let c = 96405 + -15093. What is the ten thousands digit of c?
8
Let y be 2/6*-3 + 606. Let p = y + 99. What is the units digit of p?
4
Let h(f) = 2363*f - 2393. What is the thousands digit of h(14)?
0
Suppose -7641 + 1503 = -w + 916. What is the units digit of w?
4
Suppose -382*b + 305602 = -353*b. What is the tens digit of b?
3
Let a = -72 - -73. Let n = -3 - a. What is the units digit of 1 + 898/22 + n/(-22)?
2
Let b be (-253)/2 - 3/6. Suppose -s - 21 = 2*i + 520, 0 = -3*i + 5*s - 805. Let u = b - i. What is the tens digit of u?
4
Suppose 24 = 10*t - 2*t. Suppose 0 = t*j - 5*j + 2724. Suppose -3*k + j = 2*b + 3*b, 3*k = -4*b + 1089. What is the hundreds digit of b?
2
Let x(i) = 60*i - 53. Let g be x(11). Suppose 440 = 4*b + 5*h - g, -4*b - 2*h = -1050. What is the units digit of b?
3
Suppose -21*n - 80 = -26*n. Let r be (-1)/4 + 1524/n + 2. Let s = r - -3. What is the units digit of s?
0
Let z = -58905 + 113963. What is the tens digit of z?
5
Suppose 0 = -u, 49476 = -0*a + 3*a - 4*u. What is the hundreds digit of a?
4
Let u be 14*(-885)/10*1 + -4. Let j = u + 2308. What is the units digit of j?
5
Suppose 22*y - 271795 = -0*y + 3*y. What is the thousands digit of y?
4
Suppose -2*d = u - 0*d - 7, -5*d + 34 = 4*u. Suppose f - 2*k - 4 = -0*k, -f - k - u = 0. What is the tens digit of 236/6*(-18)/f?
1
Let d(k) = 3560*k + 175. What is the tens digit of d(2)?
9
Let s = -338 + 338. Suppose s = 25*y - 7490 - 9760. What is the tens digit of y?
9
Suppose 673496 = -2596*p + 2625*p. What is the tens digit of p?
2
Suppose 805319 = 118*h - 4470225. What is the thousands digit of h?
4
Suppose -8*w - 1955 = -9*w - 4*i, -4*i = -5*w + 9655. What is the hundreds digit of w?
9
Suppose 47*l = 52*l - 10. Suppose 9*i = 20 - l. Suppose 3*j = -2*t + 466, 3*j + i*t - 460 = 3*t. What is the tens digit of j?
5
Suppose -6 = -4*k + 146. Let j = k - 33. Suppose -113 = j*u - 598. What is the tens digit of u?
9
Let d be 5 + -8 - -13 - (-1 - -3). What is the units digit of 1/((-3)/(-306)) + d + -6?
4
Suppose 4*x - 2136 = -3*m, -144*x + 142*x - 732 = -m. What is the tens digit of m?
2
Let i = -184 - -180. What is the hundreds digit of (-2)/16 - 8882*i/64?
5
Let x(h) = -7*h**3 - 3*h**2 - 20*h - 4. What is the hundreds digit of x(-13)?
1
What is the hundreds digit of ((-2)/(-5))/(21/(-105)) - -37570?
5
Let t = 37 - 33. Suppose -t*q = -34 + 10. Suppose 3*k + 85 = 2*u, 0 = -4*k - 14 - q. What is the tens digit of u?
3
Let z(m) be the first derivative of m**4/12 + m**3/3 - 11*m**2 + 8*m - 17. Let g(w) be the first derivative of z(w). What is the tens digit of g(-12)?
9
Let r = -6648 - -9297. What is the hundreds digit of r?
6
Suppose 4*f = 4*d - 16080, 5*f + 20124 = 5*d - 12*f. What is the hundreds digit of d?
0
Let c(s) = -490*s - 859. What is the hundreds digit of c(-14)?
0
Let v be 57/(-18)*-82*3. Let q = 2029 - v. What is the hundreds digit of q?
2
Let a(j) = 2097*j + 3414. What is the thousands digit of a(10)?
4
Suppose 0 = -9*r - 5*r + 994. Let z = r + 221. What is the hundreds digit of z?
2
Let x(d) = d**2 - 47*d - 1300. What is the hundreds digit of x(-23)?
3
Let y(x) be the third derivative of x**5/30 - x**4/4 + 25*x**3/2 + x**2 - 7*x. What is the units digit of y(14)?
3
Let w = -9240 - -10101. What is the tens digit of w?
6
What is the tens digit of (-1)/((-3)/26448) - (-213 + 210)?
1
Let z(s) = 10*s**2 - 154*s + 1053. What is the thousands digit of z(62)?
9
Suppose -2*l + 6*l + 4*s - 72 = 0, -3*l + 3*s = -36. What is the hundreds digit of 1*36/l*(-290)/(-4)?
1
Let q(m) = -23*m**3 + 28*m**2 - 7*m + 80. What is the units digit of q(-14)?
8
Let p(x) = -1470*x + 48. What is the tens digit of p(-3)?
5
Suppose -2*b = -6*b - j - 37, 17 = -4*b + 3*j. Let k(c) = c**3 + 9*c**2 + 2*c + 11. Let x be k(b). Suppose q = x + 42. What is the units digit of q?
1
Suppose -685 = 4*s + 335. What is the hundreds digit of (-3 - (-42)/35)*s?
4
Let z(a) = -6*a + 10. Let n be z(19). Let r be (n - (2 + 2))/((-3)/4). Suppose -85*l + 81*l = -r. What is the units digit of l?
6
What is the thousands digit of 12476 + (-17 + 3)*(-4)/(-8)?
2
Let b be 6/18 + (-3670)/3. Let g = b - -1926. What is the units digit of g?
3
Let a be ((-102)/(-8))/((-33)/(-5632)). Suppose -a = 45*g - 49*g. What is the hundreds digit of g?
5
Suppose 15861 = 27*j - 160233. What is the thousands digit of j?
6
Let h(r) = 2*r**2 + 16*r - 14. Let p be h(-9). Let t(l) be the third derivative of l**4/3 + l**3/2 + l**2. What is the units digit of t(p)?
5
Let i(v) = v**2 + 5*v + 1. Let l = 186 + -199. What is the tens digit of i(l)?
0
Let b(a) be the third derivative of 571*a**4/24 + 3*a**3/2 + 2*a**2 - 5*a. What is the units digit of b(2)?
1
Suppose 0 = -2*p - 3*h + 9110, 5*p - 5*h - 17364 = 5386. What is the hundreds digit of p?
5
Suppose 3*t - 135 = -5*g, 5*t - 2*t = -3*g + 135. Let o be (-4)/14 - (-2090)/14. Let v = o - t. What is the tens digit of v?
0
Let z = 32 - -130. Let x be (9/(-15))/1 + 69/115. Suppose x = 5*h, s + 3*h = -s + z. What is the units digit of s?
1
Let q = 107 + -94. Suppose 4*i = 5*b, -q - 32 = -5*b - 5*i. Suppose b*a - 322 = 2*x, -2*x - x = 3*a - 255. What is the tens digit of a?
8
Suppose 0 = 33*l - 23*l + 20. What is the hundreds digit of (-248)/((-1)/((-3)/l))?
3
Suppose -76*m - 11613 = -51*m - 28*m. What is the units digit of m?
1
Suppose -3*p = 4*v - 11017, -p + 3114 = v - 558. What is the thousands digit of p?
3
Suppose -7*z + 96 = -1073. Let o = 254 - z. Let t = o - 62. What is the tens digit of t?
2
What is the units digit of (-13455)/230*(-303 - 1/(-1))?
7
Let c(j) = 144*j**2 + 35*j - 75. What is the hundreds digit of c(-10)?
9
Let z = -9593 + 15907. What is the units digit of z?
4
Suppose -3*n + 241*v + 34891 = 237*v, -n + 11600 = 3*v. What is the ten thousands digit of n?
1
What is the thousands digit of 0 - -70722 - 9/(-54)*48?
0
Suppose 8*g - 3*g + 10 = j, -24 = -4*j + 4*g. Suppose 10*n - 15*n = -4*q - 7971, -j*q + 5 = 0. What is the units digit of n?
5
Suppose v = 2*x + 555, -2*v - 6*x + 3*x = -1138. Let k be 33/165 + (-19)/(-5). Suppose 3*j + 2*s = 3*s + v, -k*j + 2*s = -754. What is the tens digit of j?
8
Let u(y) = -y**2 - 6*y - 3. Let m be u(-5). Let s be 3/(6/8) + (-2070)/(-15). Suppose -i = -m*t - 48, 5*i - i + 2*t - s = 0. What is the units digit of i?
8
Let n = -286 + 3318. What is the hundreds digit of n?
0
Let o = -108713 + 162634. What is the ten thousands digit of o?
5
Suppose 72*q = 144*q - 1293912. What is the ten thousands digit of q?
1
Let y(l) = 4*l**2 - 66*l - 44. Suppose 0 = 4*i + 4*h - 104, -2*h - 29 = 3*i - 4*i. What is the hundreds digit of y(i)?
0
Let o be (-3471)/(-52) + (-2)/(-8). Let d(y) = o - 45*y - 26*y - 53. What is the hundreds digit of d(-2)?
1
Let c(d) = -4*d + 88. Suppose 3*b - 2*u - 15 = 0, 0 = u - 3*u - 6. Suppose -2*p = -3*p - 5, b*y + 25 = -5*p. What is the tens digit of c(y)?
8
Let s(v) be the third derivative of 7*v**4/4 + 58*v**3/